(l) = 137*l - 1. Let j be ((-3)/2 + 2)*2. Let i be t(j). Suppose 0 = -7*y + 11*y - i. What is the tens digit of y?
3
Let l(m) = 3*m**2 + 3*m + 3. Let i be l(-6). Suppose -2*z + i + 67 = 0. What is the tens digit of z?
8
Let j = 79 + -77. Suppose -8*b + 4*b = -j*k + 128, -2*b - 262 = -4*k. What is the tens digit of k?
6
Suppose -12*t + 15*t = 1284. Let s(m) = 16*m - 4. Let f be s(4). What is the units digit of 2/(-15) + t/f?
7
Let g(q) be the third derivative of q**4/8 + q**3/3 - q**2. Let n be g(1). Suppose 8 + 2 = n*y. What is the units digit of y?
2
Let b = -18 + 21. Suppose b*p - p - 146 = 0. Suppose 0 = 3*s - 3*o - p - 17, 10 = s - 5*o. What is the tens digit of s?
3
Let g(x) be the second derivative of 0 + 5*x**2 + 1/6*x**3 + 4*x. What is the units digit of g(-9)?
1
Suppose 2*w + 4*w = 102. Let n(l) = l**3 - 16*l**2 - 13*l - 32. What is the tens digit of n(w)?
3
Let i = -51 + 73. Let x be (-416)/(-11) - (-4)/i. Suppose 5*b = -4*y + x - 7, 0 = b + 1. What is the units digit of y?
9
Let p be 14/(-77) - 126/(-44)*358. Suppose -5*d - 1055 = -5*u, -7*u + 2*u + p = d. What is the units digit of u?
6
Let j(i) be the first derivative of -1/2*i**2 - 4 + 21*i. What is the units digit of j(9)?
2
Suppose -29*g + 52470 - 10594 = 0. What is the hundreds digit of g?
4
Let o(r) = r**3 + 11*r**2 - 11*r + 15. Let p be o(-12). Let z(x) = 4*x + x + 3 + 6 - p*x. What is the tens digit of z(8)?
2
Let m be ((-4 - -2) + -2)/2. Let l(d) = -14*d**3 + 3*d + 1. What is the hundreds digit of l(m)?
1
What is the tens digit of (-1)/2 + 1971/6?
2
Suppose 2*t - 3*r = 555, -2*r = 5*t - 3*r - 1420. What is the hundreds digit of t?
2
Suppose -8*a + 40 + 16 = 0. Suppose 31 = -a*i + 1067. What is the units digit of i?
8
Let n be 0/(-4)*(0 - -1). Suppose n = -3*q + 60 + 30. What is the units digit of q?
0
Suppose 4*b - 8 = 64. Suppose 19*y = b*y + 29. What is the units digit of y?
9
Suppose 8*t + 613 = 1829. What is the hundreds digit of t?
1
Suppose -22*s = -5074 - 3616. What is the tens digit of s?
9
Let f be ((-9)/3 - -6) + -1. Let n(d) = d - d + 23*d**f - d**2 + 1. What is the units digit of n(-1)?
3
Suppose -6 = 4*h - 186. Let i be 0 - (-1 + (2 - 1) + -6). Suppose -g + h = i. What is the tens digit of g?
3
Suppose -4*h + 22 = -166. Suppose -3*m + 4*m = h. What is the units digit of m?
7
Let t = -66 - -79. Suppose 0 = -t*q + 574 + 791. What is the units digit of q?
5
Suppose -3*a = -k - 154, 2*k + 5 = a - 38. Suppose f - 4*b - 40 = 0, -4*f - 5*b + a = -86. What is the units digit of f?
6
Let h(x) = x**3 - 3*x**2 - 4*x + 7. Let j be h(5). Let a = j - 22. What is the units digit of a?
5
Let b = 269 - 45. What is the hundreds digit of b?
2
Let u be 564/18*(3 - (-3)/(-2)). Suppose -3*p + 298 = -u. What is the units digit of p?
5
Suppose -10 - 2 = -6*u. Let m(a) = -a + 70 - u*a**2 - 72 - 6*a**3 - 5*a**3. What is the tens digit of m(-2)?
8
Suppose n + 6*i - 4 = 2*i, -16 = -4*n - 5*i. Suppose -7*l + 8*l - n = 0. Suppose 0 = -l*h + 42 + 2. What is the units digit of h?
1
Let g be 12/2*7/14. What is the units digit of g/(3/(-55))*-1?
5
What is the tens digit of (-4144)/(-111) - (-2)/(-6)?
3
Suppose -6*y = -y - 15. Suppose 4*n - 2*w - 3 = 379, 3*w - 264 = -y*n. What is the units digit of n?
3
Let p = 2536 - 1105. What is the units digit of p?
1
Suppose 5222 = 5*u - 2*j + 1591, 3*u - 2*j = 2177. What is the hundreds digit of u?
7
What is the hundreds digit of 54094/204 - 10/(-12)?
2
Suppose -5*a = -2*h + 21, -3*a - 43 = -3*h - 2*h. Suppose 2*q - 122 + h = -2*m, -4*q + 228 = 2*m. What is the tens digit of q?
5
Let p(f) = f**2 + 3*f - 15. Let o be p(-6). Suppose -2*k + 34 = 3*h - 9, -o*h + k = -28. Suppose 0 = 3*j + 2 - h. What is the units digit of j?
3
Let v be ((-248)/16)/((-2)/4) + -1. What is the tens digit of 186/v + -6 + 358/10?
3
Let m = -44 + 57. Let i(y) = y**2 - 5*y - 55. What is the tens digit of i(m)?
4
Let o = 10 - 3. Let z(i) = -o*i + 2*i - 16 + 2*i + 0*i. What is the tens digit of z(-15)?
2
Suppose 10 = -l + 175. Suppose 0 = 3*g + 3*t - l - 15, -4*g - t + 246 = 0. Suppose -3*z - 2*v - 18 = -g, 3*z - 50 = v. What is the units digit of z?
6
Let b(p) = p**3 - 9*p**2 + 12*p + 9. Let s be b(7). Let d(u) = -12*u - 3. What is the tens digit of d(s)?
5
Suppose -27*k + 30*k = -9. Let h be (-3)/(k/4) + 5. What is the units digit of (-6)/h + 304/6?
0
Let b = 403 + 3173. What is the hundreds digit of b?
5
Suppose 0 = -181*s + 173*s + 2032. What is the units digit of s?
4
Suppose -3*u + 8 = 2*i, 4*i - 16 = -18*u + 17*u. What is the units digit of i?
4
Let y = -16 - -18. Let p(s) = y*s + s - s + 0*s + 8*s**2 - 4. What is the units digit of p(2)?
2
Suppose 3*b - 3 = 3*j, -5*j - 6 + 3 = -4*b. Suppose 3*a = -2*m + 364, 0 = b*m - 8*a + 5*a - 340. What is the units digit of m?
6
Let a(i) = i**3 + 11*i**2 - 2*i - 22. Let y be a(-11). Suppose 6*z + 223 - 1555 = y. What is the tens digit of z?
2
Let q = -3522 - -5275. What is the units digit of q?
3
What is the units digit of 4135/8 + (-19)/(-152)?
7
Suppose -13*o + 315 = 16. Suppose 0 = -2*s + 8, 4*j - 2*s = 31 + 13. Let t = o - j. What is the units digit of t?
0
Let n = -11 - -11. Let b be (-7)/14*n/(-1). Let q = b + 14. What is the tens digit of q?
1
Let m = 47 + -41. Suppose -2*u - 26 = -3*p - m, p + 5*u = 18. What is the units digit of p?
8
Suppose -28 = -5*v - 3*x - 4, -5*x - 4 = v. Let g be 3*4/v - -40. Let u = g + 5. What is the units digit of u?
7
Suppose 2*a + 5*q - 6*q = 1702, 0 = -5*q + 10. What is the units digit of a?
2
Suppose -7*j + 1290 = 415. What is the hundreds digit of j?
1
Suppose -4*b - 5*l + 41 = 0, 2*b - 3*l = -2*b + 1. Let d(i) = -i**3 + 3*i**2 + 3*i - 2. Let x be d(b). Let t = 14 + x. What is the units digit of t?
8
Let y = 645 - 471. What is the tens digit of y?
7
Let x be (-6)/(-12) + (-58)/(-4). Suppose -3*s + 0*s = -x. Suppose 5*o = 3*j + j - 27, 0 = -s*j + 3*o + 50. What is the units digit of j?
3
Let y(p) = -23*p**2 + 4*p - 2. Let r(d) = -34*d**2 + 6*d - 3. Let g(o) = -5*r(o) + 7*y(o). What is the units digit of g(1)?
8
Suppose -24 = -2*j - 2*j. Suppose 2*d = -d + j. Suppose -d*r + r + 33 = 0. What is the tens digit of r?
3
Let i(s) = -s**2 - 14*s - 21. Let l(h) = h**2 + 16*h + 22. Let u(z) = -6*i(z) - 5*l(z). What is the tens digit of u(-6)?
2
Suppose -603 = -2*q + 475. What is the units digit of q?
9
Suppose 0 = 4*f - 6 - 2. Suppose 4*l = 5*y - 7, 6*y - 8 = f*l + 2*y. Suppose -3*g + 6 = 0, -2*g = -l*r + 3*g + 60. What is the units digit of r?
5
Let i(c) = 48*c**3 + 6*c**2 - 5*c. Let q(o) = o**3 + o**2 - o. Let t(z) = -i(z) + 6*q(z). Let a be t(-1). Let f = a - 24. What is the units digit of f?
9
Let t = -789 + 1439. What is the units digit of t?
0
Let g = 3022 + -1984. What is the hundreds digit of g?
0
Let x(q) = q**3 + 46*q**2 - 143*q + 64. What is the tens digit of x(-48)?
2
Suppose -p - 11 = 3*v - 2*p, -2*p = -4. Let m(t) = t**3 + 6*t**2 - t - 3. Let y be m(v). Suppose 132 = 5*x - x + 2*z, z = x - y. What is the units digit of x?
1
Let m(g) = g + 12. Let f be m(-8). Suppose -3*u = f*c - 144 - 258, 0 = -c + 4*u + 110. What is the hundreds digit of c?
1
Let d = -9 - -15. Suppose 2*a - d = -0. Suppose 53 = a*b - 2*b. What is the tens digit of b?
5
Suppose 74 - 118 = -2*t. What is the units digit of t?
2
Suppose 10*t - 3*v - 380 = 8*t, 4*v + 572 = 3*t. Let n = 370 - t. What is the hundreds digit of n?
1
Suppose -31*a = -35*a + 20. Suppose -220 + 50 = -a*u. What is the tens digit of u?
3
Let k(i) = -i + 12. Let z = 29 + -35. Let d be (15/(-9))/(2/z). What is the units digit of k(d)?
7
Suppose 16*c - 87893 + 2213 = 0. What is the units digit of c?
5
Let b(l) = l**2 + 9*l + 10. Let t be b(-8). Suppose t*d = 41 + 51. What is the units digit of d?
6
Suppose 4*i = -3*y + 564, -3*y + 2*i = -2*i - 588. Suppose y + 100 = 4*g. What is the units digit of g?
3
What is the units digit of 10412/6 + -3 + 77/21?
6
Let b(q) = q**3 - 7*q**2 - 8*q. Let p be b(8). Suppose 0 = 4*g - 5 - 3, p = j + 2*g - 76. Suppose 5*x + j = 2*y - 1, 6 = 2*x. What is the tens digit of y?
4
Suppose -3*h - 5*i + 159 = -2*i, 3*i + 247 = 4*h. Suppose -4*g + 14 = -h. What is the units digit of g?
8
Suppose -179 = -2*g - 0*d + d, -5*d = -4*g + 343. What is the tens digit of g?
9
Suppose j - 5 = 0, -n = 2*n - 3*j - 729. What is the tens digit of 